{
    "type":"FeatureCollection",
    "features":[
        {
            "type":"Feature",
            "properties":{
                "area":"Portugal Continental",
                "cell_name":"PT324204",
                "nav_band":"UB3",
                "scale":90000,
                "ed_date":"2021-12-21",
                "up_date":"2023-01-31",
                "cell_title":"Ericeira \u00e0 Praia das Areias Brancas",
                "use_band":"Costeira",
                "ed_no":6,
                "up_no":6
            },
            "id":10998,
            "geometry":{
                "type":"Polygon",
                "coordinates":[
                    [
                        [
                            -10.48474699999997,
                            38.22607330000005
                        ],
                        [
                            -10.48474699999997,
                            38.28492580000005
                        ],
                        [
                            -10.48474699999997,
                            38.958747800000026
                        ],
                        [
                            -8.534678099999951,
                            38.958747800000026
                        ],
                        [
                            -8.534678099999951,
                            38.04539810000006
                        ],
                        [
                            -10.48474699999997,
                            38.04539810000006
                        ],
                        [
                            -10.48474699999997,
                            38.22607330000005
                        ]
                    ]
                ]
            }
        },
        {
            "type":"Feature",
            "properties":{
                "area":"Portugal Continental",
                "cell_name":"PT324205",
                "nav_band":"UB3",
                "scale":90000,
                "ed_date":"2018-10-10",
                "up_date":"2023-03-31",
                "cell_title":"Cabo de Sines \u00e0 Ponta da Piedade",
                "use_band":"Costeira",
                "ed_no":6,
                "up_no":25
            },
            "id":10999,
            "geometry":{
                "type":"Polygon",
                "coordinates":[
                    [
                        [
                            -9.801387999999974,
                            37.811842900000045
                        ],
                        [
                            -9.801387999999974,
                            38.04539810000006
                        ],
                        [
                            -8.534678099999951,
                            38.04539810000006
                        ],
                        [
                            -8.534678099999951,
                            36.26537200000007
                        ],
                        [
                            -9.801387999999974,
                            36.26537200000007
                        ],
                        [
                            -9.801387999999974,
                            37.79702320000007
                        ],
                        [
                            -9.801387999999974,
                            37.811842900000045
                        ]
                    ]
                ]
            }
        },
        {
            "type":"Feature",
            "properties":{
                "area":"Portugal Continental",
                "cell_name":"PT324206",
                "nav_band":"UB3",
                "scale":90000,
                "ed_date":"2022-05-02",
                "up_date":"2023-05-31",
                "cell_title":"Ponta do Altar \u00e0 Ilha Cristina",
                "use_band":"Costeira",
                "ed_no":8,
                "up_no":8
            },
            "id":11000,
            "geometry":{
                "type":"Polygon",
                "coordinates":[
                    [
                        [
                            -8.534678099999951,
                            37.179353900000024
                        ],
                        [
                            -8.534678099999951,
                            37.28207200000003
                        ],
                        [
                            -7.217999899999938,
                            37.28207200000003
                        ],
                        [
                            -7.217999899999938,
                            36.26537200000007
                        ],
                        [
                            -8.534678099999951,
                            36.26537200000007
                        ],
                        [
                            -8.534678099999951,
                            37.177963900000066
                        ],
                        [
                            -8.534678099999951,
                            37.179353900000024
                        ]
                    ]
                ]
            }
        },
        {
            "type":"Feature",
            "properties":{
                "area":"Arquip\u00e9lago da Madeira",
                "cell_name":"PT336201",
                "nav_band":"UB3",
                "scale":90000,
                "ed_date":"2018-05-17",
                "up_date":"2023-05-30",
                "cell_title":"Arquip\u00e9lago da Madeira - Ilha da Madeira e Ilhas Desertas",
                "use_band":"Costeira",
                "ed_no":4,
                "up_no":11
            },
            "id":11001,
            "geometry":{
                "type":"Polygon",
                "coordinates":[
                    [
                        [
                            -17.318445099999963,
                            33.00364300000007
                        ],
                        [
                            -17.289237999999955,
                            33.00364300000007
                        ],
                        [
                            -16.33739099999997,
                            33.00364300000007
                        ],
                        [
                            -16.33739099999997,
                            32.33693000000005
                        ],
                        [
                            -17.43744399999997,
                            32.33693000000005
                        ],
                        [
                            -17.43744399999997,
                            33.00364300000007
                        ],
                        [
                            -17.318445099999963,
                            33.00364300000007
                        ]
                    ]
                ]
            }
        },
        {
            "type":"Feature",
            "properties":{
                "area":"Arquip\u00e9lago da Madeira",
                "cell_name":"PT336407",
                "nav_band":"UB3",
                "scale":90000,
                "ed_date":"2010-09-30",
                "up_date":"2021-06-29",
                "cell_title":"Arquip\u00e9lago da Madeira - Ilhas Selvagens",
                "use_band":"Costeira",
                "ed_no":1,
                "up_no":5
            },
            "id":11002,
            "geometry":{
                "type":"Polygon",
                "coordinates":[
                    [
                        [
                            -15.687684599999955,
                            30.483329300000037
                        ],
                        [
                            -15.600001599999928,
                            30.483329300000037
                        ],
                        [
                            -15.600001599999928,
                            29.800000000000068
                        ],
                        [
                            -16.299999999999955,
                            29.800000000000068
                        ],
                        [
                            -16.299999999999955,
                            30.483329300000037
                        ],
                        [
                            -15.687684599999955,
                            30.483329300000037
                        ]
                    ]
                ]
            }
        },
        {
            "type":"Feature",
            "properties":{
                "area":"Arquip\u00e9lago dos A\u00e7ores",
                "cell_name":"PT343101",
                "nav_band":"UB3",
                "scale":180000,
                "ed_date":"2012-01-27",
                "up_date":"2023-06-03",
                "cell_title":"Arquip\u00e9lago dos A\u00e7ores - Grupo Ocidental",
                "use_band":"Costeira",
                "ed_no":3,
                "up_no":12
            },
            "id":11003,
            "geometry":{
                "type":"Polygon",
                "coordinates":[
                    [
                        [
                            -32.24999999999994,
                            37.633271500000035
                        ],
                        [
                            -32.24999999999994,
                            40.50000000000006
                        ],
                        [
                            -29.999119999999948,
                            40.50000000000006
                        ],
                        [
                            -29.999119999999948,
                            37.58333330000005
                        ],
                        [
                            -32.24999999999994,
                            37.58333330000005
                        ],
                        [
                            -32.24999999999994,
                            37.633271500000035
                        ]
                    ]
                ]
            }
        },
        {
            "type":"Feature",
            "properties":{
                "area":"Arquip\u00e9lago dos A\u00e7ores",
                "cell_name":"PT343102",
                "nav_band":"UB3",
                "scale":180000,
                "ed_date":"2022-09-09",
                "up_date":"2022-12-30",
                "cell_title":"Arquip\u00e9lago dos A\u00e7ores - Grupo Central",
                "use_band":"Costeira",
                "ed_no":5,
                "up_no":2
            },
            "id":11004,
            "geometry":{
                "type":"Polygon",
                "coordinates":[
                    [
                        [
                            -29.999119999999948,
                            37.46365170000007
                        ],
                        [
                            -29.999119999999948,
                            39.499880000000076
                        ],
                        [
                            -26.749619999999936,
                            39.499880000000076
                        ],
                        [
                            -26.749619999999936,
                            37.44980900000007
                        ],
                        [
                            -29.999119999999948,
                            37.44980900000007
                        ],
                        [
                            -29.999119999999948,
                            37.46365170000007
                        ]
                    ]
                ]
            }
        },
        {
            "type":"Feature",
            "properties":{
                "area":"Arquip\u00e9lago dos A\u00e7ores",
                "cell_name":"PT343103",
                "nav_band":"UB3",
                "scale":180000,
                "ed_date":"2021-11-17",
                "up_date":"2023-04-30",
                "cell_title":"Arquip\u00e9lago dos A\u00e7ores - Grupo Oriental",
                "use_band":"Costeira",
                "ed_no":4,
                "up_no":1
            },
            "id":11005,
            "geometry":{
                "type":"Polygon",
                "coordinates":[
                    [
                        [
                            -24.166119999999978,
                            37.153410000000065
                        ],
                        [
                            -24.166119999999978,
                            36.32923000000005
                        ],
                        [
                            -24.166119999999978,
                            36.00089000000003
                        ],
                        [
                            -26.749619999999936,
                            36.00089000000003
                        ],
                        [
                            -26.749619999999936,
                            39.00094000000007
                        ],
                        [
                            -24.166119999999978,
                            39.00094000000007
                        ],
                        [
                            -24.166119999999978,
                            37.153410000000065
                        ]
                    ]
                ]
            }
        },
        {
            "type":"Feature",
            "properties":{
                "area":"Rep\u00fablica de Cabo Verde",
                "cell_name":"PT364201",
                "nav_band":"UB3",
                "scale":90000,
                "ed_date":"2020-12-12",
                "up_date":null,
                "cell_title":"Ilhas de Santo Ant\u00e3o, S\u00e3o Vicente e Santa Luzia",
                "use_band":"Costeira",
                "ed_no":1,
                "up_no":null
            },
            "id":11006,
            "geometry":{
                "type":"Polygon",
                "coordinates":[
                    [
                        [
                            -25.733333399999935,
                            16.730003500000066
                        ],
                        [
                            -25.733333399999935,
                            17.00534200000004
                        ],
                        [
                            -25.733333399999935,
                            17.33333330000005
                        ],
                        [
                            -24.700833399999965,
                            17.33333330000005
                        ],
                        [
                            -24.700833399999965,
                            16.65833340000006
                        ],
                        [
                            -25.733333399999935,
                            16.65833340000006
                        ],
                        [
                            -25.733333399999935,
                            16.730003500000066
                        ]
                    ]
                ]
            }
        },
        {
            "type":"Feature",
            "properties":{
                "area":"Portugal Continental",
                "cell_name":"PT426402",
                "nav_band":"UB4",
                "scale":22000,
                "ed_date":"2015-06-11",
                "up_date":"2023-04-30",
                "cell_title":"Aproxima\u00e7\u00f5es a Leix\u00f5es e Barra do Rio Douro",
                "use_band":"Aproxima\u00e7\u00e3o",
                "ed_no":5,
                "up_no":22
            },
            "id":11008,
            "geometry":{
                "type":"Polygon",
                "coordinates":[
                    [
                        [
                            -8.824999999999932,
                            41.078333300000054
                        ],
                        [
                            -8.824999999999932,
                            41.22833300000008
                        ],
                        [
                            -8.621666999999945,
                            41.22833300000008
                        ],
                        [
                            -8.621666999999945,
                            41.078333300000054
                        ],
                        [
                            -8.81586509999994,
                            41.078333300000054
                        ],
                        [
                            -8.824999999999932,
                            41.078333300000054
                        ]
                    ]
                ]
            }
        }
    ],
    "numberMatched":170,
    "numberReturned":10,
    "links":[
        {
            "type":"application/geo+json",
            "rel":"self",
            "title":"This document as GeoJSON",
            "href":"https://api-features.hidrografico.pt/collections/catalog_enc/items?f=json"
        },
        {
            "rel":"alternate",
            "type":"application/ld+json",
            "title":"This document as RDF (JSON-LD)",
            "href":"https://api-features.hidrografico.pt/collections/catalog_enc/items?f=jsonld"
        },
        {
            "type":"text/html",
            "rel":"alternate",
            "title":"This document as HTML",
            "href":"https://api-features.hidrografico.pt/collections/catalog_enc/items?f=html"
        },
        {
            "type":"application/geo+json",
            "rel":"prev",
            "title":"items (prev)",
            "href":"https://api-features.hidrografico.pt/collections/catalog_enc/items?offset=0"
        },
        {
            "type":"application/geo+json",
            "rel":"next",
            "title":"items (next)",
            "href":"https://api-features.hidrografico.pt/collections/catalog_enc/items?offset=20"
        },
        {
            "type":"application/json",
            "title":"Cat\u00e1logo de Cartas Electr\u00f3nicas de Navega\u00e7\u00e3o",
            "rel":"collection",
            "href":"https://api-features.hidrografico.pt/collections/catalog_enc/items"
        }
    ],
    "timeStamp":"2026-05-02T07:56:31.564247Z"
}

Ericeira à Praia das Areias Brancas

Cabo de Sines à Ponta da Piedade

Ponta do Altar à Ilha Cristina

Arquipélago da Madeira

Arquipélago da Madeira - Ilha da Madeira e Ilhas Desertas

Arquipélago da Madeira - Ilhas Selvagens

Arquipélago dos Açores

Arquipélago dos Açores - Grupo Ocidental

Arquipélago dos Açores - Grupo Central

Arquipélago dos Açores - Grupo Oriental

República de Cabo Verde

Ilhas de Santo Antão, São Vicente e Santa Luzia

Aproximações a Leixões e Barra do Rio Douro

Aproximação

Catálogo de Cartas Electrónicas de Navegação
